Is 10229 a prime number?
False
Is 1218959 prime?
False
Is 3194 a prime number?
False
Is 7901 composite?
False
Is 96601 a composite number?
False
Is 76899 a composite number?
True
Is 126979 a composite number?
True
Is 17551 a prime number?
True
Is 37397 a composite number?
False
Is 4083 a prime number?
False
Is 7111 a composite number?
True
Is 67751 a composite number?
False
Is 2161 a prime number?
True
Is 105019 a composite number?
False
Is 12982 composite?
True
Is 11027 composite?
False
Is 32539 a prime number?
False
Is 2938413 a prime number?
False
Is 4584721 a composite number?
False
Is 51607 prime?
True
Is 102433 composite?
False
Is 56081 prime?
True
Is 142697 prime?
True
Is 209831 a prime number?
False
Is 228089 a composite number?
True
Is 14227 composite?
True
Is 311099 composite?
False
Is 2930789 a prime number?
True
Is 749491 a prime number?
False
Is 485311 prime?
True
Is 432935 composite?
True
Is 64319 a prime number?
True
Is 3611 composite?
True
Is 117013 a prime number?
False
Is 13751 prime?
True
Is 25787 a prime number?
False
Is 5741103 composite?
True
Is 44041 a prime number?
True
Is 5197 composite?
False
Is 972898 prime?
False
Is 5669 a composite number?
False
Is 230999 prime?
True
Is 1641 a composite number?
True
Is 400443 a prime number?
False
Is 32567 a composite number?
True
Is 5669 prime?
True
Is 168851 composite?
False
Is 16301 a prime number?
True
Is 99041 prime?
True
Is 45286 prime?
False
Is 2936405 composite?
True
Is 1961 prime?
False
Is 22817 prime?
True
Is 51949 a prime number?
True
Is 1119 a prime number?
False
Is 202813 a prime number?
False
Is 59663 a prime number?
True
Is 3137 composite?
False
Is 3809 a prime number?
False
Is 3261 a prime number?
False
Is 671107 a prime number?
False
Is 93781 a composite number?
True
Is 2927 a prime number?
True
Is 324797 prime?
False
Is 23113 a composite number?
True
Is 90689 a prime number?
False
Is 1400719 a prime number?
False
Is 17657 composite?
False
Is 9961 a prime number?
False
Is 155605 prime?
False
Is 1711 prime?
False
Is 49499 composite?
False
Is 22339 a prime number?
False
Is 1155661 a prime number?
False
Is 17923 a composite number?
False
Is 4201 composite?
False
Is 159947 a composite number?
True
Is 31897 prime?
False
Is 5163973 a prime number?
True
Is 331 prime?
True
Is 641 a composite number?
False
Is 33791 prime?
True
Is 6711 composite?
True
Is 15769 a prime number?
False
Is 889 a composite number?
True
Is 24929 a composite number?
True
Is 34171 a composite number?
False
Is 31069 composite?
False
Is 32273 prime?
False
Is 10211 prime?
True
Is 2965 prime?
False
Is 68659 composite?
False
Is 2789 a composite number?
False
Is 203578 a prime number?
False
Is 74569 composite?
True
Is 22921 a composite number?
False
Is 4861 a prime number?
True
Is 198443 a prime number?
False
Is 108341 a prime number?
False
Is 2159 composite?
True
Is 37337 composite?
False
Is 1903 prime?
False
Is 4201 a composite number?
False
Is 157721 a prime number?
True
Is 112106 a prime number?
False
Is 217157 a prime number?
True
Is 1187 prime?
True
Is 14453 prime?
False
Is 15859 a prime number?
True
Is 326651 a prime number?
False
Is 825647 a composite number?
False
Is 46069 composite?
True
Is 1352297 a composite number?
True
Is 439851 a prime number?
False
Is 8749 a composite number?
True
Is 1337 composite?
True
Is 1151 composite?
False
Is 111899 a composite number?
True
Is 25291 a composite number?
True
Is 600771 a prime number?
False
Is 1585241 a composite number?
True
Is 39749 a composite number?
False
Is 16273 a composite number?
False
Is 75253 composite?
False
Is 18218 a composite number?
True
Is 473001 a composite number?
True
Is 151873 prime?
False
Is 137777 a composite number?
False
Is 33443 a prime number?
False
Is 1461431 prime?
False
Is 10871 composite?
True
Is 6893 composite?
True
Is 579467 composite?
True
Is 20507 prime?
True
Is 32117 a prime number?
True
Is 8301 composite?
True
Is 74257 composite?
False
Is 3076327 a prime number?
True
Is 71731 a composite number?
True
Is 237029 prime?
False
Is 949567 prime?
True
Is 37379 composite?
False
Is 304061 prime?
False
Is 4535 a composite number?
True
Is 31285 a composite number?
True
Is 182395 a prime number?
False
Is 121687 a composite number?
False
Is 15127 composite?
True
Is 5163 prime?
False
Is 289661 prime?
False
Is 2221 composite?
False
Is 550367 a composite number?
True
Is 13415 prime?
False
Is 170423 a composite number?
True
Is 2004029 a prime number?
True
Is 252427 composite?
True
Is 11279 composite?
False
Is 466787 a prime number?
True
Is 15913 a composite number?
False
Is 1059 a composite number?
True
Is 20639 composite?
False
Is 1657 composite?
False
Is 779 prime?
False
Is 7451 prime?
True
Is 157907 a composite number?
False
Is 17609 a composite number?
False
Is 51787 prime?
True
Is 314 a composite number?
True
Is 131267 a composite number?
False
Is 21911 prime?
True
Is 1829389 composite?
False
Is 977 prime?
True
Is 9753 prime?
False
Is 74147 composite?
True
Is 15693 prime?
False
Is 3647213 composite?
True
Is 15259 composite?
False
Is 13811 a prime number?
False
Is 4049 prime?
True
Is 29599 a composite number?
False
Is 16463 a prime number?
False
Is 912029 a composite number?
True
Is 1649507 prime?
True
Is 491657 a composite number?
True
Is 10913 composite?
True
Is 884447 composite?
True
Is 100237 a prime number?
True
Is 16183 a composite number?
False
Is 4939 a prime number?
False
Is 152183 a prime number?
True
Is 6385 a prime number?
False
Is 13507 prime?
False
Is 17291 a composite number?
False
Is 40735 a composite number?
True
Is 7819 a prime number?
False
Is 4979 prime?
False
Is 3353 a prime number?
False
Is 8306 a composite number?
True
Is 3671 prime?
True
Is 1146881 composite?
False
Is 30883 a composite number?
True
Is 538937 a composite number?
True
Is 2014661 a composite number?
True
Is 48797 prime?
False
Is 2119 a prime number?
False
Is 642305 a prime number?
False
Is 5939 prime?
True
Is 979 a composite number?
True
Is 92405 a composite number?
True
Is 2315905 a composite number?
True
Is 3216751 a prime number?
True
Is 35963 composite?
False
Is 22051 composite?
False
Is 276581 prime?
True
Is 110089 a composite number?
True
Is 57871 composite?
True
Is 73909 a prime number?
False
Is 76943 a prime number?
True
Is 901471 composite?
False
Is 911 a composite number?
False
Is 325867 a prime number?
False
Is 14051 prime?
True
Is 57637 a prime number?
True
Is 177 prime?
False
Is 1023133 a composite number?
False
Is 128813 prime?
True
Is 1181 a prime number?
True
Is 58361 composite?
True
Is 348911 prime?
True
Is 1481 a composite number?
False
Is 79687 a composite number?
False
Is 4553 a prime number?
False
Is 13523 composite?
False
Is 12171 prime?
False
Is 154811 a composite number?
True
Is 18589 a composite number?
True
Is 113683 a composite number?
False
Is 1717 a prime number?
False
Is 5533 prime?
False
Is 173623 a prime number?
False
Is 17903 a prime number?
True
Is 3314 prime?
False
Is 182633 composite?
True
Is 244837 composite?
False
Is 5737 a prime number?
True
Is 1336487 prime?
True
Is 1937 composite?
True
Is 13207 prime?
False
Is 31469 a prime number?
True
Is 3389 a prime number?
True
Is 6428303 a composite number?
True
Is 20477 a composite number?
False
Is 709 a prime number?
True
Is 40699 a prime number?
True
Is 1594 prime?
False
Is 326195 composite?
True
Is 16129 composite?
True
Is 2855 prime?
False
Is 139393 prime?
True
Is 4981 a composite number?
True
Is 3276453 composite?
True
Is 827249 prime?
False
Is 5907035 prime?
False
Is 62209 prime?
False
Is 53773 a prime number?
True
Is 253235 prime?
False
Is 13859 prime?
True
Is 8513 prime?
True
Is 112973 prime?
False
Is 1757 prime?
False
Is 32353 a prime number?
True
Is 817 a composite number?
True
Is 10369 prime?
True
Is 5469 a prime number?
False
Is 146191 a composite number?
False
Is 47983 a prime number?
False
Is 10167 a composite number?
True
Is 22667 composite?
True
Is 129527 a prime number?
True
Is 98773 a composite number?
False
Is 104863 a composite number?
True
Is 250889 composite?
False
Is 5447 composite?
True
Is 41291 prime?
False
Is 260399 a prime number?
True
Is 20647 composite?
True
Is 168743 composite?
False
Is 608873 a composite number?
False
Is 4867 a